rmine y(10).
1
Let y(f) = -805*f + 18809. Determine y(23).
294
Let x(p) = -2*p**3 - 25*p**2 - 56*p + 133. Give x(-11).
386
Let x(a) = -a**3 + 88*a**2 + 1315*a - 345. What is x(101)?
-143
Let f(l) = 1059*l + 66791. Determine f(-63).
74
Let k(m) = 4*m**2 - 798*m + 26238. Give k(155).
-1352
Let q(j) = j**2 - 144*j + 3496. Give q(36).
-392
Let r(k) = k**2 - 86*k - 4255. Give r(-36).
137
Let i(t) = -24513*t - 196242. Calculate i(-8).
-138
Let h(v) = -13*v**2 + 195*v - 105. What is h(17)?
-547
Let r(g) = g**2 - 312*g + 24190. Give r(164).
-82
Let w(h) = 16*h**2 - 400*h + 3176. What is w(16)?
872
Let j(p) = -p**3 + 17*p**2 - 101*p - 34. Calculate j(0).
-34
Let c(a) = 209*a**2 - 2097*a - 38. Give c(10).
-108
Let d(g) = -29*g**2 + 1075*g + 1074. Calculate d(38).
48
Let n(s) = -65*s**2 + 1556*s + 4777. Give n(-3).
-476
Let a(d) = d**2 - 62*d + 923. What is a(26)?
-13
Let c(d) = 3295*d + 144978. Calculate c(-44).
-2
Let g(s) = s**2 + 72*s + 455. What is g(-63)?
-112
Let q(n) = n**2 + 74*n + 2911. Determine q(-29).
1606
Let j(w) = -3*w**3 - 169*w**2 + 723*w - 11. Give j(4).
-15
Let x(h) = -7*h**3 - 8*h**2 - 863*h + 2641. Determine x(3).
-209
Let t(z) = z**2 - 129*z + 1688. Determine t(14).
78
Let b(o) = -o**2 - 1453*o - 24431. Calculate b(-17).
-19
Let s(h) = h**2 - 77*h + 1231. What is s(93)?
2719
Let w(j) = -867*j**3 - 38*j**2 - 36*j + 2. Calculate w(-1).
867
Let c(b) = 501*b - 577. What is c(4)?
1427
Let u(t) = 54*t**2 + 543*t - 2165. Determine u(4).
871
Let m(a) = 14*a**3 + 13*a**2 + 22*a - 21. Give m(1).
28
Let m(i) = -i**3 + 37*i**2 - 378*i + 1001. Calculate m(11).
-11
Let k(c) = -410*c + 194252. Determine k(473).
322
Let f(l) = l**2 + 1621*l + 453928. What is f(-360)?
-32
Let r(x) = 2*x**3 + 103*x**2 - 116*x - 3314. Determine r(-52).
14
Let a(v) = -3*v**3 + 60*v**2 + 213*v + 3. What is a(23)?
141
Let s(f) = f**3 - 49*f**2 + 547*f - 263. Calculate s(34).
995
Let d(m) = m**3 - 31*m**2 - 35*m + 1426. Determine d(7).
5
Let n(k) = k**2 - 5943*k + 159675. Determine n(27).
-57
Let v(j) = 4*j**3 - 557*j**2 - 1703*j + 22. Calculate v(-3).
10
Let d(r) = -2*r**2 - 10882*r + 5. What is d(0)?
5
Let g(h) = -59*h**2 + 6646*h + 2403. What is g(113)?
30
Let i(y) = -y**2 - 148*y - 4969. Calculate i(-53).
66
Let h(p) = 348*p + 9863. Determine h(-25).
1163
Let r(v) = -v**3 - 11359*v**2 + 90905*v + 238. Calculate r(8).
-10
Let w(v) = -46113*v - 6732508. Calculate w(-146).
-10
Let r(h) = -4*h**2 + 554*h - 152. Determine r(140).
-992
Let l(f) = -1535*f + 26036. Give l(17).
-59
Let g(r) = r**3 - 37*r**2 - 7226*r + 267481. Calculate g(37).
119
Let m(p) = p**3 - 147*p**2 + 25*p - 3663. Calculate m(147).
12
Let b(g) = 27059*g - 107899. Give b(4).
337
Let y(w) = -4*w**2 - 45945*w + 506002. Determine y(11).
123
Let m(i) = -15057*i + 15441. Calculate m(1).
384
Let q(k) = -3525*k + 306678. Give q(87).
3
Let n(a) = 872*a - 84584. Calculate n(97).
0
Let g(f) = 2*f**2 - 32*f - 831. Give g(-19).
499
Let w(h) = -530137*h + 15904110. Give w(30).
0
Let g(o) = -7*o**3 - 2052*o**2 - 6382*o - 582. Calculate g(-290).
-2
Let q(d) = -d**2 - 1681*d + 292748. Calculate q(159).
188
Let d(y) = 2*y**3 + 423*y**2 + 3292*y - 75. Give d(-8).
-363
Let q(u) = u**3 + 19*u**2 - 12*u - 34. What is q(-20)?
-194
Let b(f) = 4509*f - 45258. Determine b(10).
-168
Let p(m) = 62*m**2 - 2497*m + 17564. Give p(7).
3123
Let j(l) = 7*l**2 + 169*l - 1129. Give j(7).
397
Let y(m) = 48250*m - 144806. Give y(3).
-56
Let g(x) = 11017*x - 1200861. What is g(109)?
-8
Let x(q) = -24860*q - 10590293. Give x(-426).
67
Let o(b) = b**2 - 366*b + 18019. Calculate o(54).
1171
Let g(f) = -f**3 - 70*f**2 - 172*f - 84. What is g(-67)?
-2027
Let z(u) = -u**3 - 12*u**2 - 61*u + 21. What is z(-5)?
151
Let w(c) = -116*c**2 - 4559*c - 1384. Give w(-39).
-19
Let w(s) = s**3 + 157*s**2 + 2978*s + 1108. What is w(-135)?
28
Let l(m) = m**3 - 5*m**2 + 18*m + 36. Calculate l(4).
92
Let r(d) = -d**2 - 6812*d - 74821. What is r(-11)?
-10
Let s(y) = 2*y**3 + 151*y**2 - 557*y - 329. Give s(-79).
-13
Let v(b) = 7*b**2 - 1915*b - 33326. Determine v(290).
24
Let l(t) = -t**2 - 353*t - 18218. Determine l(-63).
52
Let f(x) = -11*x**2 - 192*x + 2938. Calculate f(10).
-82
Let o(c) = -11243*c**2 + 67357*c + 600. Calculate o(6).
-6
Let k(w) = -2*w**3 - 1161*w**2 - 5210*w - 14967. Determine k(-576).
9
Let q(l) = 2*l**2 + 188139*l - 1317071. Give q(7).
0
Let n(v) = v**3 + 7*v**2 + 91*v + 1068. What is n(-9)?
87
Let c(o) = o**3 - 35*o**2 - 85*o + 277. Give c(-4).
-7
Let z(n) = -10*n**2 - 423*n - 357. Determine z(-41).
176
Let r(b) = 2*b**3 - 465*b**2 - 758*b + 13108. Determine r(234).
4
Let m(q) = 35*q**2 + 247*q + 88. Determine m(4).
1636
Let p(c) = -95*c**2 + 4251*c + 1068. Calculate p(45).
-12
Let p(l) = -2*l**3 + 100*l**2 - 799*l - 619. What is p(11)?
30
Let o(n) = 36*n**3 + 110*n**2 - 17*n + 6. Calculate o(-3).
75
Let s(q) = -1776*q - 4415. Give s(-2).
-863
Let c(v) = 480*v - 51838. Determine c(109).
482
Let o(z) = -3295*z + 22055. Calculate o(6).
2285
Let c(v) = 23*v**3 + 21*v + 45. What is c(-3)?
-639
Let s(k) = -k**3 - 275*k**2 + 452*k + 48553. Calculate s(-276).
-23
Let j(g) = 11*g**2 + 505*g - 5105. What is j(-54)?
-299
Let c(b) = 9020*b + 28564. Determine c(-3).
1504
Let z(x) = -863*x - 491593. Give z(-570).
317
Let a(y) = 69742*y - 1464506. What is a(21)?
76
Let r(w) = -807*w + 172699. Determine r(214).
1
Let d(l) = 2*l**3 + 47*l**2 - 179*l - 2602. Determine d(-25).
-2
Let a(x) = x**2 + 7669*x - 4. Determine a(0).
-4
Let t(y) = -11*y**3 + 1763*y**2 - 483*y + 433. Give t(160).
-47
Let p(m) = 3*m**3 - 909*m**2 - 2563*m - 58446. What is p(306)?
0
Let f(t) = -19014*t + 703518. Determine f(37).
0
Let g(k) = -12*k**3 - 117*k**2 + 6472*k + 64410. Give g(-10).
-10
Let a(t) = 3*t**2 + 141765*t + 141766. Give a(-1).
4
Let f(v) = -14544*v + 275740. Determine f(19).
-596
Let a(c) = 201*c + 2691. Determine a(-37).
-4746
Let q(j) = 7*j**2 + 1809*j + 7167. What is q(-4)?
43
Let m(g) = -88*g - 11767. Determine m(-141).
641
Let f(s) = -s**3 - 70*s**2 + 365*s + 20. Determine f(5).
-30
Let n(d) = 4034*d + 342983. What is n(-85)?
93
Let l(f) = 32487*f**2 + 617260*f - 28. Determine l(-19).
-161
Let h(l) = 513*l**2 + 20525*l + 175. Calculate h(-40).
-25
Let g(h) = -1401*h - 360112. What is g(-257)?
-55
Let u(f) = f**2 + 156*f - 18054. Calculate u(79).
511
Let f(r) = -16868*r - 539825. What is f(-32)?
-49
Let v(i) = 3412*i - 23839. Give v(7).
45
Let v(s) = 140*s - 738. Give v(12).
942
Let q(l) = 25598*l - 255968. Give q(10).
12
Let j(w) = -332457*w + 4321925. What is j(13)?
-16
Let g(q) = 124*q**3 - 219*q**2 + 220*q - 2. Determine g(1).
123
Let x(i) = i**3 - 81*i**2 + 1645*i - 705. Calculate x(43).
-232
Let i(h) = 69*h**3 - 409*h**2 + 194*h - 1347. Calculate i(6).
-3
Let f(d) = 279229*d + 8935293. Determine f(-32).
-35
Let s(d) = d**3 - 284*d**2 - 2025*d + 65. Calculate s(-7).
-19
Let j(u) = u**3 - 29*u**2 + 25*u - 4886. Determine j(33).
295
Let a(g) = -4*g**2 + 565*g + 455. Determine a(142).
29
Let h(m) = m**2 - 25037*m - 11858432. Determine h(-465).
-2
Let y(h) = 12*h**2 - 20025*h + 100133. Determine y(5).
308
Let b(t) = -72*t**2 + 713*t + 3304. Calculate b(-5).
-2061
Let u(m) = 74*m + 991. Determine u(-44).
-2265
Let z(h) = -56*h - 5690. Give z(-106).
246
Let w(f) = 41562*f + 540305. Give w(-13).
-1
Let v(z) = -7531*z + 90429. Determine v(12).
57
Let m(w) = 125*w + 260. Give m(2).
510
Let c(k) = 19*k**3 - 2242*k**2 - k - 330. What is c(118)?
-448
Let r(j) = -117*j**2 - 8616*j - 8617. Calculate r(-1).
-118
Let k(a) = a**2 - 17106*a - 222193. Calculate k(-13).
354
Let p(m) = -1237*m**2 + 178*m - 175. Calculate p(1).
-1234
Let m(p) = 41*p**3 - 123*p**2 + 1008*p - 3019. Determine m(3).
5
Let o(w) = -w**2 - 94*w - 2016. Calculate o(-74).
-536
Let t(y) = 3*y**2 - 20801*y - 208188. Calculate t(-10).
122
Let k(r) = -1886*r - 333878. Calculate k(-177).
-56
Let d(f) = -784*f + 3841. What is d(5)?
-79
Let o(p) = -49*p**2 - 1333*p + 2536. What is o(-29)?
-16
Let v(t) = -t**3 - 138*t**2 + 3526*t + 954. Determine v(-160).
-6
Let x(h) = -84803*h - 3392108. Give x(-40).
12
Let p(v) = 1852*v - 1897. What is p(2)?
1807
Let y(r) = -r**3 + 164*r**2 + 2462*r + 5370. Calculate y(178).
30
Let g(r) = 2*r**3 - 36*r**2 + 168*r + 1119. What is g(13)?
1613
Let i(z) = 19182*z + 134606. Det